= 2*q**2 - 54*q - 26. Calculate y(23).
-210
Let z(v) = -91*v - 1000. What is z(-11)?
1
Let w(c) = c**2 - 29*c + 51. What is w(27)?
-3
Let f(q) = 2*q**2 + 318*q + 1260. Calculate f(-4).
20
Let a(x) = 3*x**3 - 183*x**2 - 2131*x + 77. Calculate a(71).
6
Let l(m) = 410*m + 4091. Determine l(-10).
-9
Let s(l) = l**3 - 10*l + 10. What is s(2)?
-2
Let v(g) = -g**2 + 36*g - 311. Determine v(14).
-3
Let s(z) = 2*z**2 + 59*z + 184. Determine s(-26).
2
Let m(q) = 77*q**2 - 767*q. Give m(10).
30
Let s(z) = -120*z**2 + 347*z + 41. Determine s(3).
2
Let w(s) = -s - 29. Calculate w(-7).
-22
Let y(k) = -16*k**2 + 1538*k - 308. Calculate y(96).
-116
Let t(l) = -2*l**3 + 4*l**2 - 14*l + 14. What is t(5)?
-206
Let b(h) = 3*h**3 - 135*h**2 - 111*h - 1233. Give b(46).
9
Let z(f) = 3*f**2 - 69*f + 46. Give z(15).
-314
Let s(m) = 33*m**2 - 5712*m + 527. What is s(173)?
8
Let u(w) = w**3 + 46*w**2 - 92*w + 276. Calculate u(-48).
84
Let g(p) = -19*p**2 + 931*p + 1. What is g(49)?
1
Let m(r) = 274*r - 602. Calculate m(4).
494
Let i(q) = 183*q + 4726. Calculate i(-26).
-32
Let l(t) = -t**2 + 11*t - 15. Give l(-10).
-225
Let m(k) = k**2 + 17*k + 7. Calculate m(-12).
-53
Let w(j) = -3*j**3 + 13*j**2 + 20*j - 40. Determine w(5).
10
Let s(x) = 2723*x + 10898. Determine s(-4).
6
Let m(q) = -2*q**2 + 177*q - 1469. Give m(79).
32
Let c(y) = 3*y**3 + 256*y**2 + 128*y + 3668. Determine c(-85).
13
Let k(d) = -38*d - 447. Calculate k(-7).
-181
Let n(u) = -11*u - 142. Give n(-34).
232
Let z(i) = 12*i + 188. Determine z(-19).
-40
Let q(x) = 4*x**3 - 5*x**2 - 14*x - 25. What is q(-2)?
-49
Let r(a) = 48*a**2 - 718*a - 25. Give r(15).
5
Let i(x) = 31*x**3 + 9*x**2 - 6*x + 15. What is i(2)?
287
Let k(u) = u**2 + 29*u - 731. Determine k(28).
865
Let r(p) = p**3 + 6*p**2 + 142*p + 1024. What is r(-7)?
-19
Let m(w) = -78*w - 91. Calculate m(-2).
65
Let i(w) = -58*w**3 + 3*w**2 + 11*w - 13. Give i(1).
-57
Let n(v) = -v**3 + 22*v**2 + 136*v - 31. Give n(27).
-4
Let j(k) = 3*k**2 - 8*k - 97. Determine j(7).
-6
Let w(m) = 7*m + 17. Calculate w(-1).
10
Let m(f) = -227*f - 152. Determine m(-1).
75
Let n(c) = 53*c + 2293. Give n(-42).
67
Let u(f) = 1325*f + 51681. Determine u(-39).
6
Let o(j) = -23*j**2 + 1017*j + 29. Calculate o(44).
249
Let a(z) = 1435*z - 28676. Calculate a(20).
24
Let c(y) = -13*y + 147. Give c(26).
-191
Let w(b) = b**3 - 12*b**2 - 638*b + 42. Calculate w(-20).
2
Let l(u) = 7056*u + 162281. What is l(-23)?
-7
Let g(x) = -41*x - 271. Determine g(-15).
344
Let s(h) = -16*h - 14. What is s(2)?
-46
Let f(w) = -w**3 - 7*w**2 - 4*w - 1. What is f(-5)?
-31
Let u(b) = 3*b**3 + 28*b**2 + 10*b + 285. What is u(-10)?
-15
Let b(q) = 4*q - 16. Calculate b(10).
24
Let n(y) = 46*y - 51. What is n(4)?
133
Let f(i) = 40*i**2 - 679*i - 22. Calculate f(17).
-5
Let b(w) = 74*w - 6. Determine b(4).
290
Let l(u) = u**2 - 68*u - 1356. What is l(83)?
-111
Let k(c) = 2*c**3 - 45*c**2 - 51*c + 612. Calculate k(23).
-32
Let w(u) = -31*u**2 - 401*u + 28. Calculate w(-13).
2
Let t(v) = 5057*v + 30342. Give t(-6).
0
Let h(f) = -15*f + 39. What is h(4)?
-21
Let y(v) = v**2 - 10*v + 31. What is y(9)?
22
Let u(y) = y**2 + 2*y - 3. Calculate u(1).
0
Let s(f) = f**2 - 74*f + 1076. Calculate s(54).
-4
Let t(s) = -s**3 + 11*s**2 - 18*s - 69. Calculate t(9).
-69
Let t(g) = 149*g + 1937. Calculate t(-14).
-149
Let j(i) = i**2 + 198*i + 1124. What is j(-6)?
-28
Let u(b) = -44*b - 86. Determine u(-2).
2
Let k(u) = -6695*u + 153985. Determine k(23).
0
Let k(c) = 1186*c - 2378. Give k(2).
-6
Let z(o) = o**3 - 13*o**2 + 44*o + 6. What is z(8)?
38
Let l(k) = 20*k**2 - 332*k - 167. What is l(17)?
-31
Let v(g) = 17*g + 346. Calculate v(-21).
-11
Let t(l) = -66*l - 68. Calculate t(0).
-68
Let o(z) = 65*z + 539. What is o(-6)?
149
Let i(k) = -2*k**3 + 28*k**2 + 107*k + 38. What is i(17)?
123
Let g(j) = j**3 - 355*j**2 + 1760*j - 3502. What is g(350)?
-2
Let b(g) = -5*g**2 + 106*g - 13. Determine b(19).
196
Let z(u) = 205*u + 1214. Calculate z(-6).
-16
Let h(p) = -p**3 + 22*p**2 - 29*p - 14. Determine h(21).
-182
Let f(q) = -q**3 - 33*q**2 + 37*q + 66. What is f(-34)?
-36
Let s(t) = -2*t**2 + 154*t - 326. Determine s(75).
-26
Let j(b) = 621*b - 4904. What is j(8)?
64
Let g(s) = 25*s - 258. Determine g(9).
-33
Let m(h) = 5*h**2 + 22*h - 50. What is m(-7)?
41
Let b(w) = 12*w**2 - 224*w + 618. Calculate b(15).
-42
Let s(r) = -r**2 - r + 203. Calculate s(-15).
-7
Let y(v) = -9*v**3 - v**2 + 166*v - 495. Give y(3).
-249
Let i(m) = m + 137. Calculate i(10).
147
Let r(v) = v**3 - 20*v**2 - 65*v + 1306. Determine r(20).
6
Let c(m) = -m**3 + 38*m**2 - 340*m - 47. What is c(22)?
217
Let i(g) = -2*g**2 - 64*g - 448. Give i(-10).
-8
Let m(z) = -9*z - 899. What is m(-101)?
10
Let s(k) = k**2 + 4401*k + 52669. Give s(-12).
1
Let a(m) = m**3 - 13*m**2 - 108*m - 75. What is a(19)?
39
Let i(y) = y**3 - 28*y**2 - 6*y + 115. Determine i(28).
-53
Let m(s) = -5*s**2 + 54*s + 54. Determine m(12).
-18
Let a(u) = -3*u - 33. Calculate a(19).
-90
Let n(x) = 2*x**2 + 121*x - 1166. What is n(-69)?
7
Let y(i) = -2*i**3 + 5*i**2 - 3. Calculate y(3).
-12
Let d(n) = n**3 + 31*n**2 + 64*n + 1017. Give d(-30).
-3
Let a(q) = -4*q**2 + 167*q - 133. What is a(41)?
-10
Let r(k) = -k**3 + 2*k**2 + 27*k + 9. What is r(6)?
27
Let v(g) = 2*g**3 + g**2 - 5*g + 3. What is v(1)?
1
Let l(u) = u**3 + 4*u**2 + 2*u + 25. Determine l(-5).
-10
Let b(i) = 161*i + 1935. What is b(-12)?
3
Let u(w) = -w - 94. What is u(-16)?
-78
Let k(p) = -6*p**2 + 38*p + 71. Give k(8).
-9
Let n(f) = -f**3 + 84*f + 162. What is n(10)?
2
Let x(b) = 2*b**2 - 118*b + 1240. Give x(13).
44
Let y(g) = 9*g**2 - 40*g - 24. Give y(6).
60
Let l(r) = -r**3 - 21*r**2 - 5*r - 96. Determine l(-20).
-396
Let k(t) = 10*t**2 + 46*t + 87. What is k(-9)?
483
Let p(z) = -91*z**2 - 888*z + 202. What is p(-10)?
-18
Let a(j) = 77*j. Give a(2).
154
Let s(i) = i**2 - 5*i - 195. Give s(-14).
71
Let f(p) = -p**3 + 25*p**2 + 179*p - 1883. Determine f(29).
-56
Let d(i) = -24*i + 37. Determine d(10).
-203
Let z(n) = 5*n**2 - 265*n + 13. Determine z(53).
13
Let m(n) = 17*n + 232. Calculate m(21).
589
Let g(y) = -y**2 + 230*y - 1162. Calculate g(5).
-37
Let p(k) = -k**3 - 26*k**2 + 53*k - 44. Give p(-28).
40
Let v(h) = -h**3 + 10*h**2 + 39*h - 302. Determine v(11).
6
Let r(f) = -8*f**2 + 150*f + 50. Calculate r(19).
12
Let n(k) = -11*k - 326. What is n(-34)?
48
Let y(w) = -51*w**2 + 288*w + 2. What is y(6)?
-106
Let o(a) = 57*a - 66. Give o(5).
219
Let q(j) = 323*j - 11640. Determine q(36).
-12
Let d(r) = -98*r + 39. Give d(-4).
431
Let v(o) = o**2 + 290*o - 3225. Calculate v(11).
86
Let g(j) = 797*j + 100419. Give g(-126).
-3
Let c(x) = x**2 + 505*x - 3551. Calculate c(7).
33
Let y(c) = 897*c**2 - 2*c + 45. What is y(0)?
45
Let r(z) = -1861*z - 11031. Calculate r(-6).
135
Let i(q) = -295*q + 1640. Determine i(7).
-425
Let w(l) = 4*l**3 - 74*l**2 + 40*l - 43. What is w(18)?
29
Let g(o) = -o**2 + 28*o + 503. Determine g(39).
74
Let a(i) = 154*i**2 + 214*i. Calculate a(-2).
188
Let x(a) = -a**3 + 23*a**2 - 42*a - 116. Determine x(21).
-116
Let a(u) = u**2 - 168*u - 334. Calculate a(-2).
6
Let v(z) = z**3 + 30*z**2 - 25*z + 167. Determine v(-31).
-19
Let y(g) = 834*g - 13348. What is y(16)?
-4
Let l(z) = 2*z**3 + 55*z**2 + 187*z - 48. Give l(-24).
-504
Let o(m) = -95*m - 1185. Determine o(-9).
-330
Let k(j) = -j**3 + 14*j**2 - 52*j + 136. Calculate k(10).
16
Let p(x) = -109*x + 3068. What is p(28)?
16
Let h(v) = -12*v**3 - 7*v**2 - 10*v + 2. Calculate h(-2).
90
Let x(v) = 30*v + 1684. What is x(-56)?
4
Let f(g) = g**2 + 189*g + 2924. What is f(-17)?
0
Let r(s) = -21*s + 1605. Determine r(76).
9
Let h(p) = p**3 + 8*p**2 - 8*p + 24. Calculate h(-10).
-96
Let g(l) = -933*l + 11191. What is g(12)?
-5
Let f(m) = 9*m**2 - 41*m + 109. Calculate f(3).
67
Let h(f) = 3*f**3 - 31*f**2 + 56*f - 14. Calculate h(8).
-14
Let i(w) = -6*w + 45. Give i(14).
-39
Let l(s) = -s**3 - 5*s**2 + 17*s + 47. Give l(-2).
1
Let o(v) = -v**3 - 16*v**2 + 12*v + 636. Determine o(-14).
76
Let g(u) = -18*u**2 - 224*u - 226. What is g(-1)?
-20
Let b(k) = -20*k - 147. Give b(19).
-527
Let d(b) = -2*b**2 - 25*b + 42. Determine d(-6).
120
Let c(o) = o**3 - 11*o**2 - 241*o - 21. Determine c(22).
1
Let p(b) = 47*b + 28. Determine p(-2).
-66
Let r(j) = j**3 + j**2